{"id":658,"date":"2026-03-06T15:18:46","date_gmt":"2026-03-06T14:18:46","guid":{"rendered":"https:\/\/albertadria.com\/shop\/?post_type=product&#038;p=658"},"modified":"2026-03-06T15:35:27","modified_gmt":"2026-03-06T14:35:27","slug":"enigma-decodificando-el-mundo-secreto-de-albert-adria-neolith","status":"publish","type":"product","link":"https:\/\/albertadria.com\/shop\/es\/product\/enigma-decodificando-el-mundo-secreto-de-albert-adria-neolith\/","title":{"rendered":"Enigma. Decodificando el mundo secreto de Albert Adri\u00e0"},"content":{"rendered":"<p><strong>Enigma. Decodificando el mundo secreto de Albert Adri\u00e0<\/strong> es una publicaci\u00f3n dise\u00f1ada por Idearideas que revela el proceso arquitect\u00f3nico creativo detr\u00e1s de Enigma, el \u00faltimo restaurante barcelon\u00e9s del reconocido chef Albert Adri\u00e0. Impulsado por Neolith y escrito por la periodista especializada en arte Cristina Gim\u00e9nez, el libro explora la concepci\u00f3n y desarrollo de este singular proyecto gastron\u00f3mico y arquitect\u00f3nico, dise\u00f1ado por RCR Arquitectes y Pau Llimona. Una mirada al universo creativo de un espacio concebido como una experiencia \u00fanica, donde arquitectura, dise\u00f1o y gastronom\u00eda se encuentran.<\/p>\n<p>Idiomas: Ingl\u00e9s y Castellano en el mismo libro<\/p>\n<p>213 p\u00e1ginas<\/p>\n<p>Tapa dura<\/p>\n<p>ISBN: 978-84-607-4702-5<\/p>\n","protected":false},"excerpt":{"rendered":"<p>Enigma. Decodificando el mundo secreto de Albert Adri\u00e0 es una publicaci\u00f3n dise\u00f1ada por Idearideas que revela el proceso arquitect\u00f3nico creativo detr\u00e1s de Enigma, el \u00faltimo restaurante barcelon\u00e9s del reconocido chef Albert Adri\u00e0. Impulsado por Neolith y escrito por la periodista especializada en arte Cristina Gim\u00e9nez, el libro explora la concepci\u00f3n y desarrollo de este singular [&hellip;]<\/p>\n","protected":false},"featured_media":659,"template":"","meta":{"_acf_changed":false},"product_brand":[],"product_cat":[],"product_tag":[],"class_list":{"0":"post-658","1":"product","2":"type-product","3":"status-publish","4":"has-post-thumbnail","7":"first","8":"instock","9":"taxable","10":"shipping-taxable","11":"purchasable","12":"product-type-simple"},"acf":[],"yoast_head":"<!-- This site is optimized with the Yoast SEO plugin v26.3 - https:\/\/yoast.com\/wordpress\/plugins\/seo\/ -->\n<title>Enigma. Decodificando el mundo secreto de Albert Adri\u00e0 - Albert Adri\u00e0 - Shop<\/title>\n<meta name=\"description\" content=\"Enigma. Decodificando el mundo secreto de Albert Adri\u00e0 es una publicaci\u00f3n que revela el proceso arquitect\u00f3nico creativo detr\u00e1s de Enigma.\" \/>\n<meta name=\"robots\" content=\"index, follow, max-snippet:-1, max-image-preview:large, max-video-preview:-1\" \/>\n<link rel=\"canonical\" href=\"https:\/\/albertadria.com\/shop\/es\/product\/enigma-decodificando-el-mundo-secreto-de-albert-adria-neolith\/\" \/>\n<meta property=\"og:locale\" content=\"en_US\" \/>\n<meta property=\"og:type\" content=\"article\" \/>\n<meta property=\"og:title\" content=\"Enigma. Decodificando el mundo secreto de Albert Adri\u00e0 - Albert Adri\u00e0 - Shop\" \/>\n<meta property=\"og:description\" content=\"Enigma. Decodificando el mundo secreto de Albert Adri\u00e0 es una publicaci\u00f3n que revela el proceso arquitect\u00f3nico creativo detr\u00e1s de Enigma.\" \/>\n<meta property=\"og:url\" content=\"https:\/\/albertadria.com\/shop\/es\/product\/enigma-decodificando-el-mundo-secreto-de-albert-adria-neolith\/\" \/>\n<meta property=\"og:site_name\" content=\"Albert Adri\u00e0 - Shop\" \/>\n<meta property=\"article:modified_time\" content=\"2026-03-06T14:35:27+00:00\" \/>\n<meta property=\"og:image\" content=\"https:\/\/albertadria.com\/shop\/wp-content\/uploads\/sites\/3\/2026\/03\/Enigmaportada_RCR_Neolith-800x1200.png\" \/>\n\t<meta property=\"og:image:width\" content=\"800\" \/>\n\t<meta property=\"og:image:height\" content=\"1200\" \/>\n\t<meta property=\"og:image:type\" content=\"image\/png\" \/>\n<meta name=\"twitter:card\" content=\"summary_large_image\" \/>\n<meta name=\"twitter:label1\" content=\"Est. reading time\" \/>\n\t<meta name=\"twitter:data1\" content=\"1 minute\" \/>\n<script type=\"application\/ld+json\" class=\"yoast-schema-graph\">{\"@context\":\"https:\/\/schema.org\",\"@graph\":[{\"@type\":\"WebPage\",\"@id\":\"https:\/\/albertadria.com\/shop\/es\/product\/enigma-decodificando-el-mundo-secreto-de-albert-adria-neolith\/\",\"url\":\"https:\/\/albertadria.com\/shop\/es\/product\/enigma-decodificando-el-mundo-secreto-de-albert-adria-neolith\/\",\"name\":\"Enigma. Decodificando el mundo secreto de Albert Adri\u00e0 - Albert Adri\u00e0 - Shop\",\"isPartOf\":{\"@id\":\"https:\/\/albertadria.com\/shop\/#website\"},\"primaryImageOfPage\":{\"@id\":\"https:\/\/albertadria.com\/shop\/es\/product\/enigma-decodificando-el-mundo-secreto-de-albert-adria-neolith\/#primaryimage\"},\"image\":{\"@id\":\"https:\/\/albertadria.com\/shop\/es\/product\/enigma-decodificando-el-mundo-secreto-de-albert-adria-neolith\/#primaryimage\"},\"thumbnailUrl\":\"https:\/\/albertadria.com\/shop\/wp-content\/uploads\/sites\/3\/2026\/03\/Enigmaportada_RCR_Neolith.png\",\"datePublished\":\"2026-03-06T14:18:46+00:00\",\"dateModified\":\"2026-03-06T14:35:27+00:00\",\"description\":\"Enigma. Decodificando el mundo secreto de Albert Adri\u00e0 es una publicaci\u00f3n que revela el proceso arquitect\u00f3nico creativo detr\u00e1s de Enigma.\",\"breadcrumb\":{\"@id\":\"https:\/\/albertadria.com\/shop\/es\/product\/enigma-decodificando-el-mundo-secreto-de-albert-adria-neolith\/#breadcrumb\"},\"inLanguage\":\"en-US\",\"potentialAction\":[{\"@type\":\"ReadAction\",\"target\":[\"https:\/\/albertadria.com\/shop\/es\/product\/enigma-decodificando-el-mundo-secreto-de-albert-adria-neolith\/\"]}]},{\"@type\":\"ImageObject\",\"inLanguage\":\"en-US\",\"@id\":\"https:\/\/albertadria.com\/shop\/es\/product\/enigma-decodificando-el-mundo-secreto-de-albert-adria-neolith\/#primaryimage\",\"url\":\"https:\/\/albertadria.com\/shop\/wp-content\/uploads\/sites\/3\/2026\/03\/Enigmaportada_RCR_Neolith.png\",\"contentUrl\":\"https:\/\/albertadria.com\/shop\/wp-content\/uploads\/sites\/3\/2026\/03\/Enigmaportada_RCR_Neolith.png\",\"width\":1024,\"height\":1536},{\"@type\":\"BreadcrumbList\",\"@id\":\"https:\/\/albertadria.com\/shop\/es\/product\/enigma-decodificando-el-mundo-secreto-de-albert-adria-neolith\/#breadcrumb\",\"itemListElement\":[{\"@type\":\"ListItem\",\"position\":1,\"name\":\"Home\",\"item\":\"https:\/\/albertadria.com\/shop\/\"},{\"@type\":\"ListItem\",\"position\":2,\"name\":\"Shop\",\"item\":\"https:\/\/albertadria.com\/shop\/\"},{\"@type\":\"ListItem\",\"position\":3,\"name\":\"Enigma. Decodificando el mundo secreto de Albert Adri\u00e0\"}]},{\"@type\":\"WebSite\",\"@id\":\"https:\/\/albertadria.com\/shop\/#website\",\"url\":\"https:\/\/albertadria.com\/shop\/\",\"name\":\"Albert Adri\u00e0 - Shop\",\"description\":\"\",\"potentialAction\":[{\"@type\":\"SearchAction\",\"target\":{\"@type\":\"EntryPoint\",\"urlTemplate\":\"https:\/\/albertadria.com\/shop\/?s={search_term_string}\"},\"query-input\":{\"@type\":\"PropertyValueSpecification\",\"valueRequired\":true,\"valueName\":\"search_term_string\"}}],\"inLanguage\":\"en-US\"}]}<\/script>\n<!-- \/ Yoast SEO plugin. -->","yoast_head_json":{"title":"Enigma. Decodificando el mundo secreto de Albert Adri\u00e0 - Albert Adri\u00e0 - Shop","description":"Enigma. Decodificando el mundo secreto de Albert Adri\u00e0 es una publicaci\u00f3n que revela el proceso arquitect\u00f3nico creativo detr\u00e1s de Enigma.","robots":{"index":"index","follow":"follow","max-snippet":"max-snippet:-1","max-image-preview":"max-image-preview:large","max-video-preview":"max-video-preview:-1"},"canonical":"https:\/\/albertadria.com\/shop\/es\/product\/enigma-decodificando-el-mundo-secreto-de-albert-adria-neolith\/","og_locale":"en_US","og_type":"article","og_title":"Enigma. Decodificando el mundo secreto de Albert Adri\u00e0 - Albert Adri\u00e0 - Shop","og_description":"Enigma. Decodificando el mundo secreto de Albert Adri\u00e0 es una publicaci\u00f3n que revela el proceso arquitect\u00f3nico creativo detr\u00e1s de Enigma.","og_url":"https:\/\/albertadria.com\/shop\/es\/product\/enigma-decodificando-el-mundo-secreto-de-albert-adria-neolith\/","og_site_name":"Albert Adri\u00e0 - Shop","article_modified_time":"2026-03-06T14:35:27+00:00","og_image":[{"width":800,"height":1200,"url":"https:\/\/albertadria.com\/shop\/wp-content\/uploads\/sites\/3\/2026\/03\/Enigmaportada_RCR_Neolith-800x1200.png","type":"image\/png"}],"twitter_card":"summary_large_image","twitter_misc":{"Est. reading time":"1 minute"},"schema":{"@context":"https:\/\/schema.org","@graph":[{"@type":"WebPage","@id":"https:\/\/albertadria.com\/shop\/es\/product\/enigma-decodificando-el-mundo-secreto-de-albert-adria-neolith\/","url":"https:\/\/albertadria.com\/shop\/es\/product\/enigma-decodificando-el-mundo-secreto-de-albert-adria-neolith\/","name":"Enigma. Decodificando el mundo secreto de Albert Adri\u00e0 - Albert Adri\u00e0 - Shop","isPartOf":{"@id":"https:\/\/albertadria.com\/shop\/#website"},"primaryImageOfPage":{"@id":"https:\/\/albertadria.com\/shop\/es\/product\/enigma-decodificando-el-mundo-secreto-de-albert-adria-neolith\/#primaryimage"},"image":{"@id":"https:\/\/albertadria.com\/shop\/es\/product\/enigma-decodificando-el-mundo-secreto-de-albert-adria-neolith\/#primaryimage"},"thumbnailUrl":"https:\/\/albertadria.com\/shop\/wp-content\/uploads\/sites\/3\/2026\/03\/Enigmaportada_RCR_Neolith.png","datePublished":"2026-03-06T14:18:46+00:00","dateModified":"2026-03-06T14:35:27+00:00","description":"Enigma. Decodificando el mundo secreto de Albert Adri\u00e0 es una publicaci\u00f3n que revela el proceso arquitect\u00f3nico creativo detr\u00e1s de Enigma.","breadcrumb":{"@id":"https:\/\/albertadria.com\/shop\/es\/product\/enigma-decodificando-el-mundo-secreto-de-albert-adria-neolith\/#breadcrumb"},"inLanguage":"en-US","potentialAction":[{"@type":"ReadAction","target":["https:\/\/albertadria.com\/shop\/es\/product\/enigma-decodificando-el-mundo-secreto-de-albert-adria-neolith\/"]}]},{"@type":"ImageObject","inLanguage":"en-US","@id":"https:\/\/albertadria.com\/shop\/es\/product\/enigma-decodificando-el-mundo-secreto-de-albert-adria-neolith\/#primaryimage","url":"https:\/\/albertadria.com\/shop\/wp-content\/uploads\/sites\/3\/2026\/03\/Enigmaportada_RCR_Neolith.png","contentUrl":"https:\/\/albertadria.com\/shop\/wp-content\/uploads\/sites\/3\/2026\/03\/Enigmaportada_RCR_Neolith.png","width":1024,"height":1536},{"@type":"BreadcrumbList","@id":"https:\/\/albertadria.com\/shop\/es\/product\/enigma-decodificando-el-mundo-secreto-de-albert-adria-neolith\/#breadcrumb","itemListElement":[{"@type":"ListItem","position":1,"name":"Home","item":"https:\/\/albertadria.com\/shop\/"},{"@type":"ListItem","position":2,"name":"Shop","item":"https:\/\/albertadria.com\/shop\/"},{"@type":"ListItem","position":3,"name":"Enigma. Decodificando el mundo secreto de Albert Adri\u00e0"}]},{"@type":"WebSite","@id":"https:\/\/albertadria.com\/shop\/#website","url":"https:\/\/albertadria.com\/shop\/","name":"Albert Adri\u00e0 - Shop","description":"","potentialAction":[{"@type":"SearchAction","target":{"@type":"EntryPoint","urlTemplate":"https:\/\/albertadria.com\/shop\/?s={search_term_string}"},"query-input":{"@type":"PropertyValueSpecification","valueRequired":true,"valueName":"search_term_string"}}],"inLanguage":"en-US"}]}},"_links":{"self":[{"href":"https:\/\/albertadria.com\/shop\/wp-json\/wp\/v2\/product\/658","targetHints":{"allow":["GET"]}}],"collection":[{"href":"https:\/\/albertadria.com\/shop\/wp-json\/wp\/v2\/product"}],"about":[{"href":"https:\/\/albertadria.com\/shop\/wp-json\/wp\/v2\/types\/product"}],"wp:featuredmedia":[{"embeddable":true,"href":"https:\/\/albertadria.com\/shop\/wp-json\/wp\/v2\/media\/659"}],"wp:attachment":[{"href":"https:\/\/albertadria.com\/shop\/wp-json\/wp\/v2\/media?parent=658"}],"wp:term":[{"taxonomy":"product_brand","embeddable":true,"href":"https:\/\/albertadria.com\/shop\/wp-json\/wp\/v2\/product_brand?post=658"},{"taxonomy":"product_cat","embeddable":true,"href":"https:\/\/albertadria.com\/shop\/wp-json\/wp\/v2\/product_cat?post=658"},{"taxonomy":"product_tag","embeddable":true,"href":"https:\/\/albertadria.com\/shop\/wp-json\/wp\/v2\/product_tag?post=658"}],"curies":[{"name":"wp","href":"https:\/\/api.w.org\/{rel}","templated":true}]}}