{"id":72,"date":"2023-05-21T15:25:55","date_gmt":"2023-05-21T13:25:55","guid":{"rendered":"https:\/\/albertadria.com\/shop\/product\/sapiens-del-food-delivery\/"},"modified":"2023-05-26T14:55:47","modified_gmt":"2023-05-26T12:55:47","slug":"sapiens-del-food-delivery","status":"publish","type":"product","link":"https:\/\/albertadria.com\/shop\/ca\/product\/sapiens-del-food-delivery\/","title":{"rendered":"Tapas, La cuina de Tickets"},"content":{"rendered":"<p><strong><em>Tapas, La cuina de Tickets. <\/em><\/strong> El restaurant Tickets, a Barcelona, \u00e9s \u00abun Bulli de barri\u00bb, com ha definit el seu creador, Albert Adri\u00e0. Per a aquest prestigi\u00f3s xef, la tapa est\u00e0 indubtablement associat a la festa, la sorpresa i la varietat. A Tickets, menjar de tapes \u00e9s m\u00e9s que una manera d&#8217;alimentar-se, \u00e9s una filosofia de cuina i de vida. Albert Adri\u00e0 ens convida a tastar a casa nostra aquesta experi\u00e8ncia gastron\u00f2mica i cuina per a nosaltres les tapes emblem\u00e0tiques del seu restaurant.<\/p>\n<p>Les olives, el t\u00e0rtar de tom\u00e0quet, les ostres en escabetx, l&#8217;airbaguette de pernil, la papillota de p\u00e8sols a la menta, el canel\u00f3 d&#8217;alvocat i bou de mar o el mollet de papada s\u00f3n algunes de les cinquanta-cinc tapes amb qu\u00e8 podrem transportar la m\u00e0gia i encant del Tickets a la nostra cuina.<\/p>\n<p>&nbsp;<\/p>\n<p>176 p\u00e0gines<\/p>\n<p>193 x 269 mm<\/p>\n<p>Tapa dura<\/p>\n<p>ISBN: 978-84-90-56005-1<\/p>\n","protected":false},"excerpt":{"rendered":"<p>Tapas, La cuina de Tickets. El restaurant Tickets, a Barcelona, \u00e9s \u00abun Bulli de barri\u00bb, com ha definit el seu creador, Albert Adri\u00e0. Per a aquest prestigi\u00f3s xef, la tapa est\u00e0 indubtablement associat a la festa, la sorpresa i la varietat. A Tickets, menjar de tapes \u00e9s m\u00e9s que una manera d&#8217;alimentar-se, \u00e9s una filosofia [&hellip;]<\/p>\n","protected":false},"featured_media":83,"template":"","meta":{"_acf_changed":false},"product_brand":[],"product_cat":[100],"product_tag":[],"class_list":{"0":"post-72","1":"product","2":"type-product","3":"status-publish","4":"has-post-thumbnail","6":"product_cat-uncategorized-ca","8":"first","9":"instock","10":"taxable","11":"shipping-taxable","12":"purchasable","13":"product-type-simple"},"acf":[],"yoast_head":"<!-- This site is optimized with the Yoast SEO plugin v26.3 - https:\/\/yoast.com\/wordpress\/plugins\/seo\/ -->\n<title>Tapas, La cuina de Tickets - Albert Adri\u00e0 - Shop<\/title>\n<meta name=\"description\" content=\"Ens convida a tastar a casa nostra aquesta experi\u00e8ncia gastron\u00f2mica i cuina per a nosaltres les tapes emblem\u00e0tiques del seu restaurant.\" \/>\n<meta name=\"robots\" content=\"index, follow, max-snippet:-1, max-image-preview:large, max-video-preview:-1\" \/>\n<link rel=\"canonical\" href=\"https:\/\/albertadria.com\/shop\/ca\/product\/sapiens-del-food-delivery\/\" \/>\n<meta property=\"og:locale\" content=\"en_US\" \/>\n<meta property=\"og:type\" content=\"article\" \/>\n<meta property=\"og:title\" content=\"Tapas, La cuina de Tickets - Albert Adri\u00e0 - Shop\" \/>\n<meta property=\"og:description\" content=\"Ens convida a tastar a casa nostra aquesta experi\u00e8ncia gastron\u00f2mica i cuina per a nosaltres les tapes emblem\u00e0tiques del seu restaurant.\" \/>\n<meta property=\"og:url\" content=\"https:\/\/albertadria.com\/shop\/ca\/product\/sapiens-del-food-delivery\/\" \/>\n<meta property=\"og:site_name\" content=\"Albert Adri\u00e0 - Shop\" \/>\n<meta property=\"article:modified_time\" content=\"2023-05-26T12:55:47+00:00\" \/>\n<meta property=\"og:image\" content=\"https:\/\/albertadria.com\/shop\/wp-content\/uploads\/sites\/3\/2023\/01\/la-cocina-del-tickets-castellano.jpg\" \/>\n\t<meta property=\"og:image:width\" content=\"359\" \/>\n\t<meta property=\"og:image:height\" content=\"499\" \/>\n\t<meta property=\"og:image:type\" content=\"image\/jpeg\" \/>\n<meta name=\"twitter:card\" content=\"summary_large_image\" \/>\n<meta name=\"twitter:label1\" content=\"Est. reading time\" \/>\n\t<meta name=\"twitter:data1\" content=\"1 minute\" \/>\n<script type=\"application\/ld+json\" class=\"yoast-schema-graph\">{\"@context\":\"https:\/\/schema.org\",\"@graph\":[{\"@type\":\"WebPage\",\"@id\":\"https:\/\/albertadria.com\/shop\/ca\/product\/sapiens-del-food-delivery\/\",\"url\":\"https:\/\/albertadria.com\/shop\/ca\/product\/sapiens-del-food-delivery\/\",\"name\":\"Tapas, La cuina de Tickets - Albert Adri\u00e0 - Shop\",\"isPartOf\":{\"@id\":\"https:\/\/albertadria.com\/shop\/#website\"},\"primaryImageOfPage\":{\"@id\":\"https:\/\/albertadria.com\/shop\/ca\/product\/sapiens-del-food-delivery\/#primaryimage\"},\"image\":{\"@id\":\"https:\/\/albertadria.com\/shop\/ca\/product\/sapiens-del-food-delivery\/#primaryimage\"},\"thumbnailUrl\":\"https:\/\/albertadria.com\/shop\/wp-content\/uploads\/sites\/3\/2023\/01\/la-cocina-del-tickets-castellano.jpg\",\"datePublished\":\"2023-05-21T13:25:55+00:00\",\"dateModified\":\"2023-05-26T12:55:47+00:00\",\"description\":\"Ens convida a tastar a casa nostra aquesta experi\u00e8ncia gastron\u00f2mica i cuina per a nosaltres les tapes emblem\u00e0tiques del seu restaurant.\",\"breadcrumb\":{\"@id\":\"https:\/\/albertadria.com\/shop\/ca\/product\/sapiens-del-food-delivery\/#breadcrumb\"},\"inLanguage\":\"en-US\",\"potentialAction\":[{\"@type\":\"ReadAction\",\"target\":[\"https:\/\/albertadria.com\/shop\/ca\/product\/sapiens-del-food-delivery\/\"]}]},{\"@type\":\"ImageObject\",\"inLanguage\":\"en-US\",\"@id\":\"https:\/\/albertadria.com\/shop\/ca\/product\/sapiens-del-food-delivery\/#primaryimage\",\"url\":\"https:\/\/albertadria.com\/shop\/wp-content\/uploads\/sites\/3\/2023\/01\/la-cocina-del-tickets-castellano.jpg\",\"contentUrl\":\"https:\/\/albertadria.com\/shop\/wp-content\/uploads\/sites\/3\/2023\/01\/la-cocina-del-tickets-castellano.jpg\",\"width\":359,\"height\":499},{\"@type\":\"BreadcrumbList\",\"@id\":\"https:\/\/albertadria.com\/shop\/ca\/product\/sapiens-del-food-delivery\/#breadcrumb\",\"itemListElement\":[{\"@type\":\"ListItem\",\"position\":1,\"name\":\"Home\",\"item\":\"https:\/\/albertadria.com\/shop\/\"},{\"@type\":\"ListItem\",\"position\":2,\"name\":\"Shop\",\"item\":\"https:\/\/albertadria.com\/shop\/\"},{\"@type\":\"ListItem\",\"position\":3,\"name\":\"Tapas, La cuina de Tickets\"}]},{\"@type\":\"WebSite\",\"@id\":\"https:\/\/albertadria.com\/shop\/#website\",\"url\":\"https:\/\/albertadria.com\/shop\/\",\"name\":\"Albert Adri\u00e0 - Shop\",\"description\":\"\",\"potentialAction\":[{\"@type\":\"SearchAction\",\"target\":{\"@type\":\"EntryPoint\",\"urlTemplate\":\"https:\/\/albertadria.com\/shop\/?s={search_term_string}\"},\"query-input\":{\"@type\":\"PropertyValueSpecification\",\"valueRequired\":true,\"valueName\":\"search_term_string\"}}],\"inLanguage\":\"en-US\"}]}<\/script>\n<!-- \/ Yoast SEO plugin. -->","yoast_head_json":{"title":"Tapas, La cuina de Tickets - Albert Adri\u00e0 - Shop","description":"Ens convida a tastar a casa nostra aquesta experi\u00e8ncia gastron\u00f2mica i cuina per a nosaltres les tapes emblem\u00e0tiques del seu restaurant.","robots":{"index":"index","follow":"follow","max-snippet":"max-snippet:-1","max-image-preview":"max-image-preview:large","max-video-preview":"max-video-preview:-1"},"canonical":"https:\/\/albertadria.com\/shop\/ca\/product\/sapiens-del-food-delivery\/","og_locale":"en_US","og_type":"article","og_title":"Tapas, La cuina de Tickets - Albert Adri\u00e0 - Shop","og_description":"Ens convida a tastar a casa nostra aquesta experi\u00e8ncia gastron\u00f2mica i cuina per a nosaltres les tapes emblem\u00e0tiques del seu restaurant.","og_url":"https:\/\/albertadria.com\/shop\/ca\/product\/sapiens-del-food-delivery\/","og_site_name":"Albert Adri\u00e0 - Shop","article_modified_time":"2023-05-26T12:55:47+00:00","og_image":[{"width":359,"height":499,"url":"https:\/\/albertadria.com\/shop\/wp-content\/uploads\/sites\/3\/2023\/01\/la-cocina-del-tickets-castellano.jpg","type":"image\/jpeg"}],"twitter_card":"summary_large_image","twitter_misc":{"Est. reading time":"1 minute"},"schema":{"@context":"https:\/\/schema.org","@graph":[{"@type":"WebPage","@id":"https:\/\/albertadria.com\/shop\/ca\/product\/sapiens-del-food-delivery\/","url":"https:\/\/albertadria.com\/shop\/ca\/product\/sapiens-del-food-delivery\/","name":"Tapas, La cuina de Tickets - Albert Adri\u00e0 - Shop","isPartOf":{"@id":"https:\/\/albertadria.com\/shop\/#website"},"primaryImageOfPage":{"@id":"https:\/\/albertadria.com\/shop\/ca\/product\/sapiens-del-food-delivery\/#primaryimage"},"image":{"@id":"https:\/\/albertadria.com\/shop\/ca\/product\/sapiens-del-food-delivery\/#primaryimage"},"thumbnailUrl":"https:\/\/albertadria.com\/shop\/wp-content\/uploads\/sites\/3\/2023\/01\/la-cocina-del-tickets-castellano.jpg","datePublished":"2023-05-21T13:25:55+00:00","dateModified":"2023-05-26T12:55:47+00:00","description":"Ens convida a tastar a casa nostra aquesta experi\u00e8ncia gastron\u00f2mica i cuina per a nosaltres les tapes emblem\u00e0tiques del seu restaurant.","breadcrumb":{"@id":"https:\/\/albertadria.com\/shop\/ca\/product\/sapiens-del-food-delivery\/#breadcrumb"},"inLanguage":"en-US","potentialAction":[{"@type":"ReadAction","target":["https:\/\/albertadria.com\/shop\/ca\/product\/sapiens-del-food-delivery\/"]}]},{"@type":"ImageObject","inLanguage":"en-US","@id":"https:\/\/albertadria.com\/shop\/ca\/product\/sapiens-del-food-delivery\/#primaryimage","url":"https:\/\/albertadria.com\/shop\/wp-content\/uploads\/sites\/3\/2023\/01\/la-cocina-del-tickets-castellano.jpg","contentUrl":"https:\/\/albertadria.com\/shop\/wp-content\/uploads\/sites\/3\/2023\/01\/la-cocina-del-tickets-castellano.jpg","width":359,"height":499},{"@type":"BreadcrumbList","@id":"https:\/\/albertadria.com\/shop\/ca\/product\/sapiens-del-food-delivery\/#breadcrumb","itemListElement":[{"@type":"ListItem","position":1,"name":"Home","item":"https:\/\/albertadria.com\/shop\/"},{"@type":"ListItem","position":2,"name":"Shop","item":"https:\/\/albertadria.com\/shop\/"},{"@type":"ListItem","position":3,"name":"Tapas, La cuina de Tickets"}]},{"@type":"WebSite","@id":"https:\/\/albertadria.com\/shop\/#website","url":"https:\/\/albertadria.com\/shop\/","name":"Albert Adri\u00e0 - Shop","description":"","potentialAction":[{"@type":"SearchAction","target":{"@type":"EntryPoint","urlTemplate":"https:\/\/albertadria.com\/shop\/?s={search_term_string}"},"query-input":{"@type":"PropertyValueSpecification","valueRequired":true,"valueName":"search_term_string"}}],"inLanguage":"en-US"}]}},"_links":{"self":[{"href":"https:\/\/albertadria.com\/shop\/wp-json\/wp\/v2\/product\/72","targetHints":{"allow":["GET"]}}],"collection":[{"href":"https:\/\/albertadria.com\/shop\/wp-json\/wp\/v2\/product"}],"about":[{"href":"https:\/\/albertadria.com\/shop\/wp-json\/wp\/v2\/types\/product"}],"wp:featuredmedia":[{"embeddable":true,"href":"https:\/\/albertadria.com\/shop\/wp-json\/wp\/v2\/media\/83"}],"wp:attachment":[{"href":"https:\/\/albertadria.com\/shop\/wp-json\/wp\/v2\/media?parent=72"}],"wp:term":[{"taxonomy":"product_brand","embeddable":true,"href":"https:\/\/albertadria.com\/shop\/wp-json\/wp\/v2\/product_brand?post=72"},{"taxonomy":"product_cat","embeddable":true,"href":"https:\/\/albertadria.com\/shop\/wp-json\/wp\/v2\/product_cat?post=72"},{"taxonomy":"product_tag","embeddable":true,"href":"https:\/\/albertadria.com\/shop\/wp-json\/wp\/v2\/product_tag?post=72"}],"curies":[{"name":"wp","href":"https:\/\/api.w.org\/{rel}","templated":true}]}}